o - v. What are the prime factors of a?
3
Suppose 12 = -0*r + 3*r. List the prime factors of r.
2
Suppose -151 = -v + 4*b + 6, -2*b - 151 = -v. List the prime factors of v.
5, 29
Let q be (-102)/(-8) - 3/(-12). Suppose -a + 55 = 4*r, 2*r - 7 = 2*a + q. What are the prime factors of r?
13
Suppose -w = -z - 7, -2*z = -4*w + 14 + 4. Let m = 0 - w. List the prime factors of 37/3 - m/(-6).
2, 3
Suppose 4*c - 331 = -5*i + 419, 0 = -5*c + 25. List the prime factors of i.
2, 73
Suppose 8*k + 568 = 1624. What are the prime factors of k?
2, 3, 11
Let o = -15 + 9. List the prime factors of ((-20)/o)/((-12)/(-18)).
5
Let s(y) be the second derivative of 2*y**3/3 - y**2 + 4*y. List the prime factors of s(5).
2, 3
Let o(c) = 3*c**2 - 5*c - 63. What are the prime factors of o(-9)?
3, 5
Suppose -18*t + 132 = -15*t. What are the prime factors of t?
2, 11
Let v(u) = -u**2 + 6*u - 2. Let s be v(5). Suppose x + 3*x + 4*r - 88 = 0, -3*r = -s*x + 48. List the prime factors of x.
19
Let w = 2 + 7. Suppose -a = 4*a - 15. Let x = w + a. What are the prime factors of x?
2, 3
List the prime factors of -12*(-1 - 8)*4/6.
2, 3
Let k be ((-44)/(-16) + -1)*12. Suppose 0 = -2*o + k + 21. What are the prime factors of o?
3, 7
Suppose 0 = 5*w + 49 - 194. List the prime factors of w.
29
Suppose -f + 3*f - 47 = -o, -2*o - 10 = 0. What are the prime factors of f?
2, 13
Suppose -2*v = -3*o + 3*v + 37, -4*o + 6 = 2*v. Let p = 0 + o. What are the prime factors of p?
2
Suppose 1 - 35 = -5*j - 3*w, 2*j = -5*w + 25. Suppose -2*l + 5 + j = 0. What are the prime factors of l?
5
Let i(k) = -1. Let v(u) = -u**2 - u + 1. Let d(y) = -3*i(y) - v(y). Let a be d(-3). Let p = 7 + a. List the prime factors of p.
3, 5
Let w(r) = -2*r**3 + r**2 + 2*r + 1. Let m be w(-1). Suppose 0 = -m*g + 13 + 9. What are the prime factors of g?
11
Suppose -4*t - 2*m + 92 = 0, 14*t + 3*m = 9*t + 114. List the prime factors of t.
2, 3
Let n be 1180/(-8)*-1*2. Let o be n/15 - 4/6. Suppose -2*a + o = -3. What are the prime factors of a?
11
Suppose 7*k + 20 = 3*k. Let t = k + 9. Suppose -5*y + 65 = -t*g - 5, -2*y + 30 = -2*g. What are the prime factors of y?
2, 5
Let z(x) = -16*x**2 - 5*x - 8. Let s(t) = 17*t**2 + 5*t + 9. Let n(f) = -4*s(f) - 5*z(f). Let m be n(-4). List the prime factors of (-4)/14 + m/28.
2, 3
Suppose t - 1038 = -5*t. List the prime factors of t.
173
Let t(i) = i**2 + 6*i + 1. Let p be t(-6). Let a(j) = j**3. Let q(g) = -9*g**3 + 2*g - 1. Let y(k) = -3*a(k) - q(k). What are the prime factors of y(p)?
5
Let q = 9 + -13. Let j = q + 11. What are the prime factors of j?
7
List the prime factors of (-122)/(-2) - (6 - 9).
2
Let x = 117 - 72. What are the prime factors of x?
3, 5
Let r(t) = -t**2 - 8. Let m be r(0). What are the prime factors of (-3 + 18)/((-6)/m)?
2, 5
Let v = -1 + 1. Suppose -5*h - 16 + 36 = v. Suppose h*p - 70 = -p. What are the prime factors of p?
2, 7
Let h be 3 - (-3 + 109)/(-2). Suppose 5*q - h + 1 = 0. List the prime factors of q.
11
Suppose 10 = 5*i + w - 126, 49 = 2*i - 5*w. What are the prime factors of i?
3
Suppose 26 = 2*s - 4*n, -4*s + 0*n + 16 = n. Let g = 85 - 58. List the prime factors of g/s + (-2)/5.
5
Let m(d) = -4*d**2 + 2*d**2 - d**3 + d + 3*d + 3. List the prime factors of m(-4).
19
Let h = 58 + -19. List the prime factors of h.
3, 13
List the prime factors of 21745/95 - (-4)/38.
229
Let f be 10/45 + 70/9. Let s = f + -5. What are the prime factors of s?
3
List the prime factors of 3 - ((-1 - -2) + -29).
31
Let t = -32 + 247. What are the prime factors of t?
5, 43
Let c = 50 - 30. Suppose -b + 3*b - c = 4*h, -h = -b + 7. Suppose -b = -4*p + 36. List the prime factors of p.
2, 5
Suppose -7*u + 3*u + 264 = 0. Suppose -u = 2*k + 4*o, -3*o = -2*k + 2*o - 21. Let x = k + 43. What are the prime factors of x?
2, 5
Let b be (-2)/9 + (-260)/(-36). Let s(r) = -r**2 + 7*r + 8. List the prime factors of s(b).
2
List the prime factors of (150/45)/(4/138).
5, 23
Let c = 9 + -4. Suppose -2*s - 40 = -c*b - 7*s, 5*b + 2*s - 40 = 0. List the prime factors of b.
2
Suppose -3*j + f = -28, j + 2*f - 21 = -7. What are the prime factors of (-1)/(-5) - (-138)/j?
2, 7
Let m = -87 - -251. List the prime factors of m.
2, 41
Let x be 0/(-2 + 2 + 2). Suppose x = 5*w - 0*w, 3*w - 48 = -4*i. What are the prime factors of i?
2, 3
Suppose 0*j + 2*j - 24 = 0. Suppose j = i - 5*i, -w - i = 1. What are the prime factors of w?
2
Let g(f) = -f**3 - 7. Let m be g(0). Let o = m - -13. List the prime factors of o.
2, 3
Suppose 2*d = 2*w - 18, 12 = -2*d + 2. Suppose 0 = 2*q - w - 6. Suppose -3*z - 2*z = -2*j - 40, -z = -3*j + q. List the prime factors of z.
2, 5
Let p be 4/(2/1) + 2. Suppose -p*z + 0*z + 8 = 0. Suppose -4*n + 22 = 5*x, -2*x = n + z - 6. What are the prime factors of n?
2
Let p(r) = r**2 - 4*r + 14. What are the prime factors of p(13)?
131
List the prime factors of (6/(-12))/((-1)/306).
3, 17
Let r(x) = -18*x - 2. Let g be r(-3). Suppose -2*a = 2*a - g. List the prime factors of a.
13
Suppose -l + 0*l + 12 = 0. Let a = 22 - l. What are the prime factors of ((-6)/a)/(1/(-5))?
3
Let c = -67 + 119. List the prime factors of c.
2, 13
Let p = -184 + 271. List the prime factors of p.
3, 29
Suppose 4*f - 3*v = -7*v + 4, -2*f + 2*v + 18 = 0. Suppose 0 = -f*x + 10. List the prime factors of x.
2
Let h(j) = 25*j + 23. What are the prime factors of h(4)?
3, 41
Let p be (4/12)/((-3)/(-783)). Suppose -60 = -3*c - 3*u, -4*u + u = -4*c + p. What are the prime factors of c?
3, 7
Let x(c) be the third derivative of -c**5/60 - 5*c**4/12 + c**3/3 + 2*c**2. What are the prime factors of x(-6)?
2, 13
Let x = 125 - 64. List the prime factors of x.
61
Let g be -156*(-3 - 7/(-3)). Suppose -q = -2*b - 29, -4*q + 3*b + g = 7*b. What are the prime factors of q?
3
Let m(x) = 4*x**2 + 2*x + 1. Let d be m(-1). What are the prime factors of 4 - 1/d*3?
3
Let f be -1 - -3 - 1 - -1. Suppose 0 = f*i - 0*i - 2, 2*a = 4*i - 6. List the prime factors of (a + -2)/((-3)/8).
2
Suppose -s + 15 = -40. What are the prime factors of s?
5, 11
Let w(g) = 3*g**3 - 11*g**2 + 9*g. Let d(u) = u**3 - u**2 - 1. Let v(j) = 4*d(j) - w(j). Let z be v(-8). Suppose -3*x + 20 = -z. List the prime factors of x.
2
Suppose 0*z - 4*z - 12 = 0. Let d = -1 - z. List the prime factors of d.
2
Let u = -9 - -22. Suppose -5*m + u = 38, -4*o + 4*m + 80 = 0. What are the prime factors of o?
3, 5
Let d = 60 + -39. Suppose 0*c = -3*c - 3*r + 63, c - 4*r - d = 0. List the prime factors of c.
3, 7
Let w = 87 + -62. Let o = 37 - w. List the prime factors of o.
2, 3
Let h(x) be the third derivative of x**5/60 + x**4/24 - 5*x**3/6 + 3*x**2. Let z be (-1)/2 + 27/6. List the prime factors of h(z).
3, 5
Suppose -g = -216 - 84. Suppose 0 = -6*i + 2*i + g. Suppose -8 = 4*c, 5*o = c + 4*c + i. What are the prime factors of o?
13
Let p = 152 - 79. List the prime factors of p.
73
Suppose 4 + 20 = 4*r. Let u = r - -8. List the prime factors of u.
2, 7
Let j(r) = r**3 + 4*r**2 + 3*r. Suppose 4*x = x - 9. Let k be j(x). Suppose y - 11 = -k*y. What are the prime factors of y?
11
Let p = 1 - -1. Let t(f) = 0*f - f**3 + f**p - 4*f**2 + 6 + 5*f. List the prime factors of t(-4).
2
Suppose -m = -3*m + 5*p + 22, -m - 3*p = 0. List the prime factors of m.
2, 3
Suppose -3*o - 4 = -5*o. Suppose -o*c - 10 = 2*f, 3*f + 3 = -c - 2. Suppose f = -9*q + 4*q + 4*t + 43, -8 = 4*t. List the prime factors of q.
7
Let q(y) = -y**2 - 13*y - 8. Let w be q(-12). Suppose -5*p + 24 = d - 3, -2*d + 66 = w*p. What are the prime factors of d?
37
Let g(c) be the third derivative of c**6/120 - c**5/12 + c**4/4 + c**2. Let y be (24/28)/((-3)/(-14)). What are the prime factors of g(y)?
2
Suppose -4*r - u = -171 + 16, 4*r - 3*u - 175 = 0. List the prime factors of r.
2, 5
Suppose 3*c + 6 = -5*w, 3*w + 4*c + 4 + 4 = 0. Suppose g + 20 = 4*z - g, 4*z + g - 20 = w. List the prime factors of z.
5
Let c be 12*(2/(-6) - -1). Let k(s) = -s**3 + 7*s**2 - 5*s + 14. Let l be k(6). Let t = l - c. What are the prime factors of t?
2, 3
Let c(a) = -a**3 + 8*a**2 - a + 10. Let j be c(8). Suppose 0 = -f - 3*i + 16 - 4, 2*i = j*f. Suppose f*m + 18 - 57 = 0. What are the prime factors of m?
13
Let g(d) = d**3 + 8*d**2 + 8*d - 6. Suppose 0*f - 6 = f. Let o be g(f). Suppose 3*r = 4*r, o = 2*n + r. What are the prime factors of 